1 + 214b1?
21470
In base 6, what is 3 + 33430424303?
33430424310
In base 7, what is 150430640 - 13?
150430624
In base 7, what is -3001 + -161320?
-164321
In base 8, what is 103 - -46226762?
46227065
In base 16, what is 17913 - -18d?
17aa0
In base 14, what is -2087391 - 1?
-2087392
In base 8, what is -5231123 - 1?
-5231124
In base 13, what is -99295 - -20?
-99275
In base 7, what is -504601045 + -5?
-504601053
In base 8, what is -3314022 + -61?
-3314103
In base 8, what is 425325 + 37?
425364
In base 10, what is 4 + -4923562?
-4923558
In base 3, what is -12202 + -1002010100122?
-1002010120101
In base 5, what is 200 + -1213424341?
-1213424141
In base 13, what is -1b3b1 - 1204?
-1c5b5
In base 16, what is 77ca + ca?
7894
In base 11, what is 2841aa3 - 0?
2841aa3
In base 3, what is 100022200201122 - 121?
100022200201001
In base 9, what is -1354582 + 24?
-1354557
In base 6, what is 3220 + -53152?
-45532
In base 15, what is d0 + -8403e?
-83e5e
In base 2, what is 110001010010 + -110010111101?
-1101011
In base 5, what is 1010213231 - 21?
1010213210
In base 12, what is 1535b + 46a?
15809
In base 3, what is -102121 + -101110102101?
-101110211222
In base 5, what is -1 - 200332422?
-200332423
In base 4, what is 2003213 - -3111100?
11120313
In base 13, what is 2 + -1790a676?
-1790a674
In base 15, what is 3 - -326686?
326689
In base 13, what is -a4ca9 + -81?
-a505a
In base 12, what is 64025 - -b2?
64117
In base 4, what is 1302213 + 2312230?
10221103
In base 16, what is 35d0a + -1a?
35cf0
In base 16, what is -52e + -2e39?
-3367
In base 11, what is -1a81 + -119776?
-120747
In base 8, what is -17314003 - 0?
-17314003
In base 9, what is 5 - -148751358?
148751364
In base 11, what is 11 - -1257034?
1257045
In base 7, what is 12032241 - 262?
12031646
In base 2, what is -110010010 - 10101111001110100010?
-10101111010100110100
In base 5, what is -2124021132 + -11?
-2124021143
In base 13, what is -62 - -356b8b?
356b29
In base 10, what is 11907 - 75632?
-63725
In base 15, what is ce72 - 1cd0?
b192
In base 5, what is -11311 - -23222442?
23211131
In base 15, what is -13 - 633c1?
-633d4
In base 5, what is -340 - -443222?
442332
In base 2, what is -111000101110111000001 - 111?
-111000101110111001000
In base 8, what is 36 - -34361371?
34361427
In base 14, what is 135b5 - -305?
138ba
In base 16, what is -43bd9 + -3?
-43bdc
In base 4, what is 1110033231 + -20?
1110033211
In base 9, what is -343506 + -151?
-343657
In base 4, what is 100 - 1221032122230?
-1221032122130
In base 7, what is -4366 - -502?
-3564
In base 6, what is -530535035 + -14?
-530535053
In base 11, what is 64 - 89359?
-892a5
In base 4, what is 1 + -22201031330?
-22201031323
In base 3, what is 1012000001 + -221202011?
20020220
In base 5, what is 10 + 34324200022?
34324200032
In base 15, what is -863 - 8778b?
-880ee
In base 15, what is -153b5b + 6?
-153b55
In base 10, what is -33378 - -1267?
-32111
In base 14, what is -5 + 42c2d?
42c28
In base 3, what is -11221200211222121 + -11?
-11221200211222202
In base 6, what is 125 + -205245115?
-205244550
In base 7, what is 6 + -36534444?
-36534435
In base 14, what is 332c5c4 - -2?
332c5c6
In base 3, what is 2 - -2110102202000?
2110102202002
In base 12, what is 38 + -4637435?
-46373b9
In base 10, what is 3 + -159679271?
-159679268
In base 12, what is 8869b - 1730?
86b6b
In base 12, what is 602492aa - 3?
602492a7
In base 9, what is 1742533 - -354?
1742887
In base 8, what is -412 - 374415?
-375027
In base 5, what is 0 + -11232233423?
-11232233423
In base 4, what is 3 + -23133331110232?
-23133331110223
In base 2, what is -110111000110 - -101001010111000?
100010011110010
In base 10, what is -71 - -314032?
313961
In base 12, what is 72 + -2028b?
-20219
In base 5, what is 24332343240 - -3?
24332343243
In base 8, what is 2 - 35314535?
-35314533
In base 15, what is -35b3e2 + -2?
-35b3e4
In base 11, what is 3 + -14766825?
-14766822
In base 10, what is -37 - -63070?
63033
In base 4, what is 1130310312110 + 22?
1130310312132
In base 10, what is 370254 + 2470?
372724
In base 16, what is -145949 - 13?
-14595c
In base 5, what is 1012240 - -222044?
1234334
In base 16, what is 226 - 7042?
-6e1c
In base 11, what is -32 + -2769358?
-276938a
In base 8, what is -2 + 6223325?
6223323
In base 13, what is 73a15 - -339?
74051
In base 2, what is -100011100001 - -11001111010101010?
11001010111001001
In base 9, what is 561842 - 1442?
560400
In base 9, what is 131226 + 660?
131886
In base 2, what is 10000000000000101 - 11000100000?
1111100111100101
In base 13, what is -146b1ba - 53?
-146b240
In base 16, what is 1 - -44f3e2?
44f3e3
In base 15, what is -94c1 + -5c?
-952d
In base 5, what is -10440200 - -240?
-10434410
In base 7, what is -122356663 - 20?
-122360013
In base 10, what is -2622 + -4675?
-7297
In base 14, what is 5 + -17293a6?
-17293a1
In base 4, what is 11 + -203132211210?
-203132211133
In base 3, what is 11 - -22020221110210?
22020221110221
In base 12, what is 76b + -7891?
-7122
In base 11, what is -14 + -9484186?
-948419a
In base 12, what is -21688a55 + -10?
-21688a65
In base 3, what is -2021002000 - -21221?
-2020210002
In base 6, what is 555 + 15254305?
15255304
In base 4, what is 2320221 + -12312012?
-3331131
In base 2, what is 1111000 + 10101010010110111111110?
10101010010111001110110
In base 5, what is 0 - -4432203111?
4432203111
In base 5, what is -11403014233 - -1?
-11403014232
In base 10, what is -4 - -149603191?
149603187
In base 11, what is -12 + -1723293?
-17232a5
In base 13, what is -5 + -6b6162?
-6b6167
In base 2, what is -100 + 10001001010101010101010?
10001001010101010100110
In base 8, what is -1 - 31504627?
-31504630
In base 4, what is 212 - -3100021?
3100233
In base 5, what is -2331 + -1013424023?
-1013431404
In base 12, what is 21447394 - 4?
21447390
In base 13, what is ac2b00c + 10?
ac2b01c
In base 9, what is 126245 - 20?
126225
In base 6, what is -503 + -532443?
-533350
In base 14, what is 16910 - b9d?
15b51
In base 13, what is 1c6c + -2b9?
1983
In base 6, what is -1003324 + -143243?
-1151011
In base 4, what is 31103331323 - -30?
31103332013
In base 6, what is -5 + 3032115221?
3032115212
In base 6, what is -513132554 - 30?
-513133024
In base 5, what is -24 - -403423423?
403423344
In base 13, what is -23 - bc3241?
-bc3264
In base 6, what is -31152024 + -11?
-31152035
In base 10, what is -7250191 - -2?
-7250189
In base 14, what is -11 + -112212?
-112223
In base 15, what is 83020a + -4?
830206
In base 8, what is 10234634 - 125?
10234507
In base 12, what is -2724851 - 1?
-2724852
In base 8, what is -1417 + -662203?
-663622
In base 11, what is -34 - -4016a?
40136
In base 13, what is -2ac5 + 2c3?
-2802
In base 10, what is 8806 + -491?
8315
In base 16, what is 3d882b + 5d?
3d8888
In base 4, what is -1 - 23113030003?
-23113030010
In base 9, what is -2081 + -112840?
-115031
In base 3, what is -211001 + -102002002202?
-102002220210
In base 15, what is -36a09 - 2c?
-36a36
In base 5, what is 223221 - -141223?
414444
In base 12, what is -4 + -73361?
-73365
In base 4, what is 10 - 23123120132?
-23123120122
In base 13, what is -1b02 + -2ac6?
-48c8
In base 16, what is 2136 + 675?
27ab
In base 7, what is -12 + 44036?
44024
In base 3, what is 0 - -100111112020102?
100111112020102
In base 11, what is 1a4831 - 3802?
1a102a
In base 15, what is 21a - 1e902?
-1e6d7
In base 8, what is 452 + -60321?
-57647
In base 10, what is -6947 + 7545?
598
In base 13, what is -16c56 + 108b?
-15b98
In base 6, what is -4 + -53250544?
-53250552
In base 8, what is 1070750 - 132?
1070616
In base 10, what is 22432 + -5715?
16717
In base 5, what is -2314222323 - -1214?
-2314221104
In base 10, what is 9627344 - 77?
9627267
In base 14, what is 109477 + -19?
10945c
In base 14, what is -a6b + d9039?
d83ac
In base 5, what is -2 - 43032020422?
-43032020424
In base 11, what is -171 - aaa94?
-100155
In base 16, what is -27 + 59757?
59730
In base 10, what is 356995553 + 4?
356995557
In base 9, what is -5735 - -40236?
33401
In base 4, what is -130233021213103 - 1?
-130233021213110
In base 10, what is -1933325 - 31?
-1933356
In base 9, what is 2266714 - -124?
2266838
In base 4, what is 3122000 - 313?
3121021
In base 8, what is 113774475 + 2?
113774477
In base 6, what is -31254 + 45344?
14050
In base 16, what is 3ae8 + 9b85